{"id":590,"date":"2014-11-11T18:10:48","date_gmt":"2014-11-11T18:10:48","guid":{"rendered":"http:\/\/lyon.apbg.org\/?page_id=590"},"modified":"2026-02-10T09:03:58","modified_gmt":"2026-02-10T08:03:58","slug":"archives-2014-2015","status":"publish","type":"page","link":"https:\/\/lyon.apbg.fr\/?page_id=590","title":{"rendered":"Archives 2014-2015"},"content":{"rendered":"\n<p class=\"has-text-align-center\"><strong>Mercredi 4 mars 2015<\/strong><\/p>\n\n\n\n<p class=\"has-text-align-center\"><strong>\u00ab&nbsp;La bip\u00e9die \u00e0 partir des pelvis de Lucy, d\u2019une femelle de chimpanz\u00e9 et d\u2019une femme actuelle&nbsp;\u00bb<\/strong><\/p>\n\n\n\n<p>par <strong><em>Tony Chevalier<\/em><\/strong> charg\u00e9 de cours sp\u00e9cialiste anthropologue de l\u2019Universit\u00e9 de Perpignan et du Centre Europ\u00e9en de Recherche Pr\u00e9historique de Tautavel<\/p>\n\n\n\n<figure class=\"wp-block-image alignright size-full is-resized\"><img loading=\"lazy\" decoding=\"async\" width=\"124\" height=\"201\" src=\"https:\/\/lyon.apbg.fr\/wp-content\/uploads\/2026\/02\/bassin.jpg\" alt=\"\" class=\"wp-image-37\" style=\"width:182px;height:auto\"\/><\/figure>\n\n\n\n<p><strong>14 h 30, \u00e0 l\u2019Universit\u00e9 Lyon 1, salle Th\u00e9mis 58, 43 bd du 11 novembre 1918, Villeurbanne<\/strong><\/p>\n\n\n\n<p>\u00c0 travers cette formation, il est rappel\u00e9 les fondamentaux de toute \u00e9tude anthropologique en repositionnant le pelvis dans l\u2019espace et en d\u00e9finissant les rep\u00e8res m\u00e9triques indispensables pour l\u2019analyse comparative. Les donn\u00e9es recueillies ont \u00e9t\u00e9 interpr\u00e9t\u00e9es dans leurs contextes locomoteur et \u00e9volutif actualis\u00e9s pour montrer comment, avec un pelvis fossile bien conserv\u00e9 (i.e., Lucy, <em>Australopithecus afarensis<\/em>) il est possible de proposer un mode, ou des modes, de d\u00e9placement et ainsi positionner un sp\u00e9cimen au sein de l\u2019\u00e9volution humaine. Ont \u00e9t\u00e9 discut\u00e9s les caract\u00e9ristiques de la bip\u00e9die chez les australopith\u00e8ques et les autres hominin\u00e9s, et la pr\u00e9cision scientifique du degr\u00e9 de bip\u00e9die envisag\u00e9. L\u2019\u00e9tudea \u00e9t\u00e9 faite dans l\u2019optique de l\u2019\u00e9preuve ECE. Les participants \u00e9taient en situation d\u2019utilisation des bassins et des f\u00e9murs d\u2019<em>Homo sapiens<\/em>, chimpanz\u00e9 et Lucy dans l\u2019optique du programme. L\u2019\u00e9tude du pelvis (nomm\u00e9 bassin chez l\u2019Homme), montre une architecture particuli\u00e8rement int\u00e9ressante puisqu\u2019il fait la jonction entre la partie sup\u00e9rieure du corps non locomotrice chez l\u2019Homme et la partie inf\u00e9rieure locomotrice. Il intervient lui-m\u00eame de fa\u00e7on d\u00e9terminante dans le syst\u00e8me locomoteur tout en \u00e9tant \u00e9galement le t\u00e9moin du mode de parturition et en relation avec la masse corporelle des individus chez les bip\u00e8des fr\u00e9quents ou permanents.<\/p>\n\n\n\n<p class=\"has-text-align-center\">&nbsp; &#8211; &#8211; &#8211; &#8211; &#8211; &#8211; &#8211; &#8211; &#8211; &#8211; &#8211; &#8211; &#8211; &#8211; &#8211; &#8211; &#8211; &#8211;<\/p>\n\n\n\n<p><strong>Mercredi 25 mars 2015<\/strong><\/p>\n\n\n\n<p><strong>\u00ab La cro\u00fbte continentale \u00bb.<\/strong><\/p>\n\n\n\n<p>par <strong><em>Cyril Langlois<\/em><\/strong>, de l\u2019ENS de Lyon<\/p>\n\n\n\n<p><strong>14 h 30 \u00e0 l\u2019\u00c9cole Normale Sup\u00e9rieure \u00e0 Gerland, Lyon 7<sup>e<\/sup><\/strong><\/p>\n\n\n\n<p>Cette conf\u00e9rence comprendra une importante iconographie sur la partie de g\u00e9ologie de terminale.<\/p>\n\n\n\n<p class=\"has-text-align-center\">&nbsp; &#8211; &#8211; &#8211; &#8211; &#8211; &#8211; &#8211; &#8211; &#8211; &#8211; &#8211; &#8211; &#8211; &#8211; &#8211; &#8211; &#8211; &#8211;<\/p>\n\n\n\n<p class=\"has-text-align-center\">&nbsp;<strong>De nouvelles m\u00e9thodes p\u00e9dagogiques en relation avec les tablettes num\u00e9riques<\/strong><\/p>\n\n\n\n<p class=\"has-text-align-center\"><strong><span style=\"color: #000000;\">Mercredi 26 novembre 2014, 14 h 30, <\/span>Universit\u00e9 Claude Bernard Lyon,&nbsp;8 av Rockefeller Lyon<\/strong><\/p>\n\n\n\n<figure class=\"wp-block-image alignright size-full\"><img loading=\"lazy\" decoding=\"async\" width=\"182\" height=\"227\" src=\"https:\/\/lyon.apbg.fr\/wp-content\/uploads\/2026\/02\/tablettes2.jpg\" alt=\"\" class=\"wp-image-137\"\/><\/figure>\n\n\n\n<p>Jeux p\u00e9dagogiques, \u00e9valuation\u2026, par Coralie Ulysse<\/p>\n\n\n\n<p><strong>Suivi d&rsquo;une pr\u00e9sentation du travail effectu\u00e9 l\u2019an dernier par les diff\u00e9rentes commissions nationales<\/strong> sur les r\u00e9f\u00e9rences lexicales et les comp\u00e9tences du primaire jusqu\u2019\u00e0 la terminale. Et enfin pr\u00e9sentation des nouvelles production APBG en particulier les nouveaut\u00e9s comme&nbsp;: Phylog\u00e9nie mol\u00e9culaire et \u00e9volution (lyc\u00e9e), classification du vivant, les formes animales au cours des saisons (coll\u00e8ge), A la recherche des anc\u00eatres communs (Lyc\u00e9e), \u00e9volution climatique (climat du pass\u00e9, coll\u00e8ge lyc\u00e9e), cr\u00e2nes (logiciel) et Les Alpes, \u00e0 la recherche d\u2019indices\u2026<\/p>\n\n\n\n<p>Ces pr\u00e9sentations ont \u00e9t\u00e9 accompagn\u00e9es du d\u00e9pouillement des votes pour l\u2019\u00e9lection du nouveau comit\u00e9 r\u00e9gional.<\/p>\n\n\n\n<p class=\"has-text-align-center\">&nbsp; &#8211; &#8211; &#8211; &#8211; &#8211; &#8211; &#8211; &#8211; &#8211; &#8211; &#8211; &#8211; &#8211; &#8211; &#8211; &#8211; &#8211; &#8211;<\/p>\n\n\n\n<p class=\"has-text-align-center\"><strong>La plasticit\u00e9 c\u00e9r\u00e9brale<\/strong><\/p>\n\n\n\n<p class=\"has-text-align-center\"><strong>Mercredi 5 novembre \u2013 14 h 30<\/strong><\/p>\n\n\n\n<p><strong>Action APBG \u2013 Inserm,&nbsp;<\/strong><em><strong>dans les locaux de l\u2019Inserm au Centre Hospitalier&nbsp;<\/strong><\/em><em><strong>Le Vinatier, Bron<\/strong><\/em><\/p>\n\n\n\n<p>Apr\u00e8s une pr\u00e9sentation de l&rsquo;Inserm, trois chercheurs sont intervenus :<\/p>\n\n\n\n<p>&#8211; Anne Didier (responsable de l\u2019\u00e9quipe Neuropop : neuroplasticit\u00e9 et Neuropathologie de la perception Olfactive) ;<\/p>\n\n\n\n<p>&#8211; Denis Pellisson, directeur de l\u2019\u00e9quipe IMPACT (perception et cognition), &nbsp;&#8211;<\/p>\n\n\n\n<p>&#8211; Yves Rossetti responsable de la plateforme Neuro-immersion.<\/p>\n\n\n\n<figure class=\"wp-block-image aligncenter size-full is-resized\"><img loading=\"lazy\" decoding=\"async\" width=\"423\" height=\"170\" src=\"https:\/\/lyon.apbg.fr\/wp-content\/uploads\/2026\/02\/conf-plasticite.jpg\" alt=\"\" class=\"wp-image-59\" style=\"width:589px;height:auto\" srcset=\"https:\/\/lyon.apbg.fr\/wp-content\/uploads\/2026\/02\/conf-plasticite.jpg 423w, https:\/\/lyon.apbg.fr\/wp-content\/uploads\/2026\/02\/conf-plasticite-300x121.jpg 300w\" sizes=\"auto, (max-width: 423px) 100vw, 423px\" \/><\/figure>\n\n\n\n<p class=\"has-text-align-center\">&#8211; &#8211; &#8211; &#8211; &nbsp;&#8211; &#8211; &#8211; &#8211;<\/p>\n\n\n\n<p><strong>D\u00e9couverte de l\u2019Est Lyonnais<\/strong><\/p>\n\n\n\n<p class=\"has-text-align-center\"><strong>&nbsp;Mercredi 15 octobre 2014<\/strong><\/p>\n\n\n\n<p>Cette sortie sur le terrain a \u00e9t\u00e9 fond\u00e9e sur diff\u00e9rents aspects dont l\u2019\u00e9tude de paysages en liaison avec la<\/p>\n\n\n\n<p>tectonique et de plusieurs pal\u00e9o environnements \u00e0 diff\u00e9rentes p\u00e9riodes de l\u2019histoire g\u00e9ologique de la r\u00e9gion.&nbsp;Diff\u00e9rents arr\u00eats ont \u00e9t\u00e9 effectu\u00e9s notamment : la moraine frontale (W\u00fcrmienne) de Grenay, &nbsp;l\u2019observation&nbsp;du horst granitique de Chamagneux et pr\u00e9sentation de diff\u00e9rents gisement du Jurassique tabulaire notamment&nbsp;les biohermes, les marnes \u00e0 fossiles et le calcaire au niveau de carri\u00e8res.<\/p>\n","protected":false},"excerpt":{"rendered":"<p>Mercredi 4 mars 2015 \u00ab&nbsp;La bip\u00e9die \u00e0 partir des pelvis de Lucy, d\u2019une femelle de chimpanz\u00e9 et d\u2019une femme actuelle&nbsp;\u00bb<\/p>\n","protected":false},"author":1,"featured_media":0,"parent":180,"menu_order":30,"comment_status":"closed","ping_status":"open","template":"","meta":{"colormag_page_container_layout":"default_layout","colormag_page_sidebar_layout":"default_layout","footnotes":""},"class_list":["post-590","page","type-page","status-publish","hentry"],"_links":{"self":[{"href":"https:\/\/lyon.apbg.fr\/index.php?rest_route=\/wp\/v2\/pages\/590","targetHints":{"allow":["GET"]}}],"collection":[{"href":"https:\/\/lyon.apbg.fr\/index.php?rest_route=\/wp\/v2\/pages"}],"about":[{"href":"https:\/\/lyon.apbg.fr\/index.php?rest_route=\/wp\/v2\/types\/page"}],"author":[{"embeddable":true,"href":"https:\/\/lyon.apbg.fr\/index.php?rest_route=\/wp\/v2\/users\/1"}],"replies":[{"embeddable":true,"href":"https:\/\/lyon.apbg.fr\/index.php?rest_route=%2Fwp%2Fv2%2Fcomments&post=590"}],"version-history":[{"count":2,"href":"https:\/\/lyon.apbg.fr\/index.php?rest_route=\/wp\/v2\/pages\/590\/revisions"}],"predecessor-version":[{"id":1147,"href":"https:\/\/lyon.apbg.fr\/index.php?rest_route=\/wp\/v2\/pages\/590\/revisions\/1147"}],"up":[{"embeddable":true,"href":"https:\/\/lyon.apbg.fr\/index.php?rest_route=\/wp\/v2\/pages\/180"}],"wp:attachment":[{"href":"https:\/\/lyon.apbg.fr\/index.php?rest_route=%2Fwp%2Fv2%2Fmedia&parent=590"}],"curies":[{"name":"wp","href":"https:\/\/api.w.org\/{rel}","templated":true}]}}