{"id":238,"date":"2012-02-05T15:24:28","date_gmt":"2012-02-05T15:24:28","guid":{"rendered":"http:\/\/lyon.apbg.org\/?page_id=238"},"modified":"2026-02-10T09:12:32","modified_gmt":"2026-02-10T08:12:32","slug":"documents-pedagogiques","status":"publish","type":"page","link":"https:\/\/lyon.apbg.fr\/?page_id=238","title":{"rendered":"Documents p\u00e9dagogiques"},"content":{"rendered":"\n<h3 class=\"wp-block-heading\"><strong>Actualisation sur les m\u00e9canismes fondamentaux de l&rsquo;immunologie,&nbsp;<\/strong><strong>janvier, f\u00e9vrier 2012<\/strong><\/h3>\n\n\n\n<figure class=\"wp-block-image alignleft size-full is-resized\"><img loading=\"lazy\" decoding=\"async\" width=\"227\" height=\"170\" src=\"https:\/\/lyon.apbg.fr\/wp-content\/uploads\/2026\/02\/Diapositive01.jpg\" alt=\"\" class=\"wp-image-72\" style=\"width:294px;height:auto\"\/><\/figure>\n\n\n\n<p class=\"has-text-align-left\"><strong>par Mme Davoust-Nataf\u2028, de l\u2019ASSIM (Association des enseignants d\u2019immunologie des Universit\u00e9s)\u2028, \u00e0 l&rsquo;<\/strong><strong>Ecole Normale Sup\u00e9rieure de Lyon<\/strong><\/p>\n\n\n\n<p>Vous pouvez t\u00e9l\u00e9charger les pdf correspondants (2 pdf)<\/p>\n\n\n\n<h3 class=\"wp-block-heading\"><strong><a href=\"https:\/\/lyon.apbg.fr\/wp-content\/uploads\/2026\/02\/Immuno-mecanismes-fondamentaux1.pdf\" data-type=\"attachment\" data-id=\"102\">Immuno-m\u00e9canismes fondamentaux1<\/a><\/strong><\/h3>\n\n\n\n<h3 class=\"wp-block-heading\"><strong><a href=\"https:\/\/lyon.apbg.fr\/wp-content\/uploads\/2026\/02\/Immuno-mecanismes-fondamentaux2.pdf\" data-type=\"attachment\" data-id=\"103\">Immuno-m\u00e9canismes fondamentaux2<\/a><\/strong><\/h3>\n\n\n\n<h3 class=\"wp-block-heading\">&#8211; &#8211; &#8211; &#8211; &#8211; &#8211; &#8211; &#8211; &#8211; &#8211; &#8211; &#8211; &#8211; &#8211; &#8211; &#8211; &#8211; &#8211; &#8211;\u00a0&#8211; &#8211; &#8211; &#8211; &#8211; &#8211; &#8211; &#8211; &#8211; &#8211; &#8211; &#8211; &#8211; &#8211; &#8211; &#8211; &#8211; &#8211; &#8211;<\/h3>\n\n\n\n<h3 class=\"wp-block-heading\"><strong>\u00ab&nbsp;La tectonique des plaques : histoire d\u2019un mod\u00e8le.&nbsp;\u00bb, novembre 2011<\/strong><\/h3>\n\n\n\n<p>Pr\u00e9sentation par David Bard d\u2019un exemple de progression p\u00e9dagogique en 1<sup>re<\/sup>&nbsp;S<\/p>\n\n\n\n<p><strong>Vous pouvez t\u00e9l\u00e9charger \u00a0ci-dessous <strong>le pdf\u00a0<\/strong>correspondant<\/strong><\/p>\n\n\n\n<h3 class=\"wp-block-heading\"><strong><a href=\"https:\/\/lyon.apbg.fr\/wp-content\/uploads\/2026\/02\/tectonique-des-plaques1.pdf\" data-type=\"attachment\" data-id=\"141\">tectonique des plaques<\/a><\/strong><\/h3>\n\n\n\n<p>\u00a0&#8211; &#8211; &#8211; &#8211; &#8211; &#8211; &#8211; &#8211; &#8211; &#8211; &#8211; &#8211; &#8211; &#8211; &#8211; &#8211; &#8211; &#8211; &#8211;\u00a0&#8211; &#8211; &#8211; &#8211; &#8211; &#8211; &#8211; &#8211; &#8211; &#8211; &#8211; &#8211; &#8211; &#8211; &#8211; &#8211; &#8211; &#8211; &#8211;<\/p>\n\n\n\n<h3 class=\"wp-block-heading\"><strong>\u00ab&nbsp;<\/strong><strong>\u00c9tude du paysage sur le site de Larina&nbsp;<\/strong><strong>\u00bb<\/strong><strong>, septembre 2009<\/strong><\/h3>\n\n\n\n<p>Pistes d&rsquo;utilisation de la sortie par les \u00e9l\u00e8ves<\/p>\n\n\n\n<p><strong>Document \u00e0 t\u00e9l\u00e9charger (en 4 fichiers) :<\/strong><\/p>\n\n\n\n<h3 class=\"wp-block-heading\"><strong><a href=\"https:\/\/lyon.apbg.fr\/wp-content\/uploads\/2026\/02\/Larina-APBG-2009-1.pdf\" data-type=\"attachment\" data-id=\"108\" target=\"_blank\" rel=\"noreferrer noopener\">Le plateau de Larina 1<\/a>\u00a0\u00a0 \u00a0 \u00a0 \u00a0 \u00a0<a href=\"https:\/\/lyon.apbg.fr\/wp-content\/uploads\/2026\/02\/Larina-APBG-2009-2.pdf\" data-type=\"attachment\" data-id=\"109\" target=\"_blank\" rel=\"noreferrer noopener\">Le plateau de Larina 2<\/a><\/strong><br> <strong><a href=\"https:\/\/lyon.apbg.fr\/wp-content\/uploads\/2026\/02\/Larina-APBG-2009-3.pdf\" data-type=\"attachment\" data-id=\"110\" target=\"_blank\" rel=\"noreferrer noopener\">Le plateau de Larina 3<\/a>\u00a0\u00a0 \u00a0 \u00a0 \u00a0 \u00a0<a href=\"https:\/\/lyon.apbg.fr\/wp-content\/uploads\/2026\/02\/Larina-APBG-2009-4.pdf\" data-type=\"attachment\" data-id=\"111\" target=\"_blank\" rel=\"noreferrer noopener\">Le plateau de Larina 4<\/a><\/strong><\/h3>\n\n\n\n<p>&nbsp;<\/p>\n\n\n\n<h3 class=\"wp-block-heading\"><strong><br>\n<\/strong><\/h3>\n\n\n\n<p>&nbsp;<\/p>\n","protected":false},"excerpt":{"rendered":"<p>Actualisation sur les m\u00e9canismes fondamentaux de l&rsquo;immunologie,&nbsp;janvier, f\u00e9vrier 2012 par Mme Davoust-Nataf\u2028, de l\u2019ASSIM (Association des enseignants d\u2019immunologie des Universit\u00e9s)\u2028,<\/p>\n","protected":false},"author":1,"featured_media":145,"parent":180,"menu_order":80,"comment_status":"closed","ping_status":"open","template":"","meta":{"colormag_page_container_layout":"default_layout","colormag_page_sidebar_layout":"default_layout","footnotes":""},"class_list":["post-238","page","type-page","status-publish","has-post-thumbnail","hentry"],"_links":{"self":[{"href":"https:\/\/lyon.apbg.fr\/index.php?rest_route=\/wp\/v2\/pages\/238","targetHints":{"allow":["GET"]}}],"collection":[{"href":"https:\/\/lyon.apbg.fr\/index.php?rest_route=\/wp\/v2\/pages"}],"about":[{"href":"https:\/\/lyon.apbg.fr\/index.php?rest_route=\/wp\/v2\/types\/page"}],"author":[{"embeddable":true,"href":"https:\/\/lyon.apbg.fr\/index.php?rest_route=\/wp\/v2\/users\/1"}],"replies":[{"embeddable":true,"href":"https:\/\/lyon.apbg.fr\/index.php?rest_route=%2Fwp%2Fv2%2Fcomments&post=238"}],"version-history":[{"count":1,"href":"https:\/\/lyon.apbg.fr\/index.php?rest_route=\/wp\/v2\/pages\/238\/revisions"}],"predecessor-version":[{"id":1152,"href":"https:\/\/lyon.apbg.fr\/index.php?rest_route=\/wp\/v2\/pages\/238\/revisions\/1152"}],"up":[{"embeddable":true,"href":"https:\/\/lyon.apbg.fr\/index.php?rest_route=\/wp\/v2\/pages\/180"}],"wp:featuredmedia":[{"embeddable":true,"href":"https:\/\/lyon.apbg.fr\/index.php?rest_route=\/wp\/v2\/media\/145"}],"wp:attachment":[{"href":"https:\/\/lyon.apbg.fr\/index.php?rest_route=%2Fwp%2Fv2%2Fmedia&parent=238"}],"curies":[{"name":"wp","href":"https:\/\/api.w.org\/{rel}","templated":true}]}}